{"id":25,"date":"2022-10-13T17:00:08","date_gmt":"2022-10-13T17:00:08","guid":{"rendered":"https:\/\/schnippschnapp-haarstudio.de\/?page_id=25"},"modified":"2023-10-06T06:31:14","modified_gmt":"2023-10-06T06:31:14","slug":"home-2","status":"publish","type":"page","link":"https:\/\/schnippschnapp-haarstudio.de\/","title":{"rendered":"Home"},"content":{"rendered":"\t\t<div data-elementor-type=\"wp-page\" data-elementor-id=\"25\" class=\"elementor elementor-25\" data-elementor-post-type=\"page\">\n\t\t\t\t\t\t<section class=\"elementor-section elementor-top-section elementor-element elementor-element-4d58d42 elementor-section-full_width elementor-section-height-default elementor-section-height-default\" data-id=\"4d58d42\" data-element_type=\"section\" data-e-type=\"section\" data-settings=\"{&quot;background_background&quot;:&quot;slideshow&quot;,&quot;background_slideshow_gallery&quot;:[{&quot;id&quot;:105,&quot;url&quot;:&quot;https:\\\/\\\/schnippschnapp-haarstudio.de\\\/wp-content\\\/uploads\\\/2022\\\/10\\\/6b.jpg&quot;},{&quot;id&quot;:108,&quot;url&quot;:&quot;https:\\\/\\\/schnippschnapp-haarstudio.de\\\/wp-content\\\/uploads\\\/2022\\\/10\\\/bg.21.jpg&quot;},{&quot;id&quot;:107,&quot;url&quot;:&quot;https:\\\/\\\/schnippschnapp-haarstudio.de\\\/wp-content\\\/uploads\\\/2022\\\/10\\\/15c-1.jpg&quot;},{&quot;id&quot;:109,&quot;url&quot;:&quot;https:\\\/\\\/schnippschnapp-haarstudio.de\\\/wp-content\\\/uploads\\\/2022\\\/10\\\/bg.4-1536x831-1.jpg&quot;}],&quot;background_slideshow_slide_duration&quot;:2008,&quot;background_slideshow_transition_duration&quot;:3000,&quot;background_slideshow_lazyload&quot;:&quot;yes&quot;,&quot;background_slideshow_ken_burns&quot;:&quot;yes&quot;,&quot;background_slideshow_loop&quot;:&quot;yes&quot;,&quot;background_slideshow_slide_transition&quot;:&quot;fade&quot;,&quot;background_slideshow_ken_burns_zoom_direction&quot;:&quot;in&quot;}\">\n\t\t\t\t\t\t<div class=\"elementor-container elementor-column-gap-default\">\n\t\t\t\t\t<div class=\"elementor-column elementor-col-100 elementor-top-column elementor-element elementor-element-f03edf8\" data-id=\"f03edf8\" data-element_type=\"column\" data-e-type=\"column\">\n\t\t\t<div class=\"elementor-widget-wrap elementor-element-populated\">\n\t\t\t\t\t\t<div class=\"elementor-element elementor-element-13feb3c elementor-widget elementor-widget-spacer\" data-id=\"13feb3c\" data-element_type=\"widget\" data-e-type=\"widget\" data-widget_type=\"spacer.default\">\n\t\t\t\t\t\t\t<div class=\"elementor-spacer\">\n\t\t\t<div class=\"elementor-spacer-inner\"><\/div>\n\t\t<\/div>\n\t\t\t\t\t\t<\/div>\n\t\t\t\t<div class=\"elementor-element elementor-element-13d27b4 elementor-widget elementor-widget-heading\" data-id=\"13d27b4\" data-element_type=\"widget\" data-e-type=\"widget\" data-widget_type=\"heading.default\">\n\t\t\t\t\t<h2 class=\"elementor-heading-title elementor-size-default\">Das SchnippSchnapp-Haarstudio verbessert ihre Freude am Leben<\/h2>\t\t\t\t<\/div>\n\t\t\t\t<div class=\"elementor-element elementor-element-a76ff31 elementor-widget elementor-widget-spacer\" data-id=\"a76ff31\" data-element_type=\"widget\" data-e-type=\"widget\" data-widget_type=\"spacer.default\">\n\t\t\t\t\t\t\t<div class=\"elementor-spacer\">\n\t\t\t<div class=\"elementor-spacer-inner\"><\/div>\n\t\t<\/div>\n\t\t\t\t\t\t<\/div>\n\t\t\t\t<div class=\"elementor-element elementor-element-ddeb841 elementor-drop-cap-yes elementor-drop-cap-view-default elementor-widget elementor-widget-text-editor\" data-id=\"ddeb841\" data-element_type=\"widget\" data-e-type=\"widget\" data-settings=\"{&quot;drop_cap&quot;:&quot;yes&quot;}\" data-widget_type=\"text-editor.default\">\n\t\t\t\t\t\t\t\t\t<h2 style=\"text-align: center;\"><span style=\"color: #ffffff;\">Durch uns wird die Welt sie angenehm wahrnehmen<\/span><\/h2>\t\t\t\t\t\t\t\t<\/div>\n\t\t\t\t<div class=\"elementor-element elementor-element-ca073cb elementor-widget elementor-widget-spacer\" data-id=\"ca073cb\" data-element_type=\"widget\" data-e-type=\"widget\" data-widget_type=\"spacer.default\">\n\t\t\t\t\t\t\t<div class=\"elementor-spacer\">\n\t\t\t<div class=\"elementor-spacer-inner\"><\/div>\n\t\t<\/div>\n\t\t\t\t\t\t<\/div>\n\t\t\t\t\t<\/div>\n\t\t<\/div>\n\t\t\t\t\t<\/div>\n\t\t<\/section>\n\t\t\t\t<section class=\"elementor-section elementor-top-section elementor-element elementor-element-5ff96c4 elementor-section-content-middle elementor-section-boxed elementor-section-height-default elementor-section-height-default\" data-id=\"5ff96c4\" data-element_type=\"section\" data-e-type=\"section\" data-settings=\"{&quot;background_background&quot;:&quot;classic&quot;}\">\n\t\t\t\t\t\t\t<div class=\"elementor-background-overlay\"><\/div>\n\t\t\t\t\t\t\t<div class=\"elementor-container elementor-column-gap-extended\">\n\t\t\t\t\t<div class=\"elementor-column elementor-col-100 elementor-top-column elementor-element elementor-element-caabbf5\" data-id=\"caabbf5\" data-element_type=\"column\" data-e-type=\"column\" data-settings=\"{&quot;background_background&quot;:&quot;classic&quot;}\">\n\t\t\t<div class=\"elementor-widget-wrap elementor-element-populated\">\n\t\t\t\t\t\t<div class=\"elementor-element elementor-element-dd925f5 elementor-widget elementor-widget-spacer\" data-id=\"dd925f5\" data-element_type=\"widget\" data-e-type=\"widget\" data-widget_type=\"spacer.default\">\n\t\t\t\t\t\t\t<div class=\"elementor-spacer\">\n\t\t\t<div class=\"elementor-spacer-inner\"><\/div>\n\t\t<\/div>\n\t\t\t\t\t\t<\/div>\n\t\t\t\t<div class=\"elementor-element elementor-element-d24420d elementor-widget elementor-widget-text-editor\" data-id=\"d24420d\" data-element_type=\"widget\" data-e-type=\"widget\" data-widget_type=\"text-editor.default\">\n\t\t\t\t\t\t\t\t\t<p style=\"text-align: center;\"><em><strong>Wir freuen uns \u00fcber ihren Besuch in unserem Haarstudio und werden unser Bestes geben, bei der Beratung und der individuellen Ausf\u00fchrung ihr gew\u00fcnschtes Wohlgef\u00fchl herzustellen! Besonders wichtig ist es uns, auf Ihre W\u00fcnsche\/Ihren Stil einzugehen und Ihnen eine individuelle Frisurenberatung anzubieten. Unser Ziel ist es, ihr Aussehen so zu gestalten, dass es ihren Erwartungen entspricht und die Mitmenschen sie bewundern weden. Unsere zufriedenen Kunden sind die beste Werbung f\u00fcr unser Unternehmen.<\/strong><\/em><\/p>\t\t\t\t\t\t\t\t<\/div>\n\t\t\t\t<div class=\"elementor-element elementor-element-fb30f8c elementor-widget elementor-widget-spacer\" data-id=\"fb30f8c\" data-element_type=\"widget\" data-e-type=\"widget\" data-widget_type=\"spacer.default\">\n\t\t\t\t\t\t\t<div class=\"elementor-spacer\">\n\t\t\t<div class=\"elementor-spacer-inner\"><\/div>\n\t\t<\/div>\n\t\t\t\t\t\t<\/div>\n\t\t\t\t\t<\/div>\n\t\t<\/div>\n\t\t\t\t\t<\/div>\n\t\t<\/section>\n\t\t\t\t<section class=\"elementor-section elementor-top-section elementor-element elementor-element-8b1b628 elementor-section-boxed elementor-section-height-default elementor-section-height-default\" data-id=\"8b1b628\" data-element_type=\"section\" data-e-type=\"section\" data-settings=\"{&quot;background_background&quot;:&quot;classic&quot;}\">\n\t\t\t\t\t\t<div class=\"elementor-container elementor-column-gap-default\">\n\t\t\t\t\t<div class=\"elementor-column elementor-col-50 elementor-top-column elementor-element elementor-element-a94996b\" data-id=\"a94996b\" data-element_type=\"column\" data-e-type=\"column\">\n\t\t\t<div class=\"elementor-widget-wrap elementor-element-populated\">\n\t\t\t\t\t\t<div class=\"elementor-element elementor-element-f844ebd elementor-widget elementor-widget-spacer\" data-id=\"f844ebd\" data-element_type=\"widget\" data-e-type=\"widget\" data-widget_type=\"spacer.default\">\n\t\t\t\t\t\t\t<div class=\"elementor-spacer\">\n\t\t\t<div class=\"elementor-spacer-inner\"><\/div>\n\t\t<\/div>\n\t\t\t\t\t\t<\/div>\n\t\t\t\t<div class=\"elementor-element elementor-element-e718f47 elementor-widget elementor-widget-heading\" data-id=\"e718f47\" data-element_type=\"widget\" data-e-type=\"widget\" data-widget_type=\"heading.default\">\n\t\t\t\t\t<h2 class=\"elementor-heading-title elementor-size-default\">Telefon: 09434 901170<\/h2>\t\t\t\t<\/div>\n\t\t\t\t<div class=\"elementor-element elementor-element-ab1ee7d elementor-widget elementor-widget-spacer\" data-id=\"ab1ee7d\" data-element_type=\"widget\" data-e-type=\"widget\" data-widget_type=\"spacer.default\">\n\t\t\t\t\t\t\t<div class=\"elementor-spacer\">\n\t\t\t<div class=\"elementor-spacer-inner\"><\/div>\n\t\t<\/div>\n\t\t\t\t\t\t<\/div>\n\t\t\t\t<div class=\"elementor-element elementor-element-46d66f0 elementor-widget elementor-widget-google_maps\" data-id=\"46d66f0\" data-element_type=\"widget\" data-e-type=\"widget\" data-widget_type=\"google_maps.default\">\n\t\t\t\t\t\t\t<div class=\"elementor-custom-embed\">\n\t\t\t<iframe loading=\"lazy\"\n\t\t\t\t\tsrc=\"https:\/\/maps.google.com\/maps?q=Zengerstr.%2036%2C%20&#038;t=m&#038;z=14&#038;output=embed&#038;iwloc=near\"\n\t\t\t\t\ttitle=\"Zengerstr. 36, \"\n\t\t\t\t\taria-label=\"Zengerstr. 36, \"\n\t\t\t><\/iframe>\n\t\t<\/div>\n\t\t\t\t\t\t<\/div>\n\t\t\t\t\t<\/div>\n\t\t<\/div>\n\t\t\t\t<div class=\"elementor-column elementor-col-50 elementor-top-column elementor-element elementor-element-c5a7687\" data-id=\"c5a7687\" data-element_type=\"column\" data-e-type=\"column\" data-settings=\"{&quot;background_background&quot;:&quot;classic&quot;}\">\n\t\t\t<div class=\"elementor-widget-wrap elementor-element-populated\">\n\t\t\t\t\t\t<div class=\"elementor-element elementor-element-42a17f5 elementor-widget elementor-widget-spacer\" data-id=\"42a17f5\" data-element_type=\"widget\" data-e-type=\"widget\" data-widget_type=\"spacer.default\">\n\t\t\t\t\t\t\t<div class=\"elementor-spacer\">\n\t\t\t<div class=\"elementor-spacer-inner\"><\/div>\n\t\t<\/div>\n\t\t\t\t\t\t<\/div>\n\t\t\t\t<div class=\"elementor-element elementor-element-42429f3 elementor-widget elementor-widget-text-editor\" data-id=\"42429f3\" data-element_type=\"widget\" data-e-type=\"widget\" data-widget_type=\"text-editor.default\">\n\t\t\t\t\t\t\t\t\t<h5 style=\"text-align: center;\"><span style=\"color: #0000ff;\"><strong>SchnippSchnapp-Haarstudio<\/strong><\/span><\/h5><h5 style=\"text-align: center;\"><span style=\"color: #0000ff;\"><strong>\u00d6ffnungszeiten:<\/strong><\/span><\/h5><ul><li><h5><span style=\"color: #0000ff;\"><strong>Dienstag\u00a0\u00a0\u00a0\u00a0\u00a0\u00a0\u00a0\u00a0\u00a0 08:30 \u2013 18:00<\/strong><\/span><\/h5><\/li><li><h5><span style=\"color: #0000ff;\"><strong>Mittwoch \u00a0\u00a0\u00a0\u00a0 \u00a0 08:30 \u2013 18:00<\/strong><\/span><\/h5><\/li><li><h5><span style=\"color: #0000ff;\"><strong>Donnerstag\u00a0\u00a0\u00a0 08:30 \u2013 18:00<\/strong><\/span><\/h5><\/li><li><h5><span style=\"color: #0000ff;\"><strong>Freitag\u00a0\u00a0\u00a0\u00a0\u00a0\u00a0\u00a0\u00a0\u00a0\u00a0\u00a0\u00a0\u00a0\u00a0 08:30 \u2013 18:00<\/strong><\/span><\/h5><\/li><li><h5><span style=\"color: #0000ff;\"><strong>Samstag\u00a0\u00a0\u00a0\u00a0\u00a0\u00a0\u00a0\u00a0\u00a0\u00a0\u00a0 07:00 \u2013 13:00<\/strong><\/span><\/h5><\/li><\/ul>\t\t\t\t\t\t\t\t<\/div>\n\t\t\t\t\t<\/div>\n\t\t<\/div>\n\t\t\t\t\t<\/div>\n\t\t<\/section>\n\t\t\t\t<\/div>\n\t\t","protected":false},"excerpt":{"rendered":"<p>Das SchnippSchnapp-Haarstudio verbessert ihre Freude am Leben Durch uns wird die Welt sie angenehm wahrnehmen Wir freuen uns \u00fcber ihren Besuch in unserem Haarstudio und werden unser Bestes geben, bei der Beratung und der individuellen Ausf\u00fchrung ihr gew\u00fcnschtes Wohlgef\u00fchl herzustellen! Besonders wichtig ist es uns, auf Ihre W\u00fcnsche\/Ihren Stil einzugehen und Ihnen eine individuelle Frisurenberatung [&hellip;]<\/p>\n","protected":false},"author":1,"featured_media":0,"parent":0,"menu_order":0,"comment_status":"closed","ping_status":"closed","template":"","meta":{"footnotes":""},"class_list":["post-25","page","type-page","status-publish","hentry"],"_links":{"self":[{"href":"https:\/\/schnippschnapp-haarstudio.de\/index.php?rest_route=\/wp\/v2\/pages\/25","targetHints":{"allow":["GET"]}}],"collection":[{"href":"https:\/\/schnippschnapp-haarstudio.de\/index.php?rest_route=\/wp\/v2\/pages"}],"about":[{"href":"https:\/\/schnippschnapp-haarstudio.de\/index.php?rest_route=\/wp\/v2\/types\/page"}],"author":[{"embeddable":true,"href":"https:\/\/schnippschnapp-haarstudio.de\/index.php?rest_route=\/wp\/v2\/users\/1"}],"replies":[{"embeddable":true,"href":"https:\/\/schnippschnapp-haarstudio.de\/index.php?rest_route=%2Fwp%2Fv2%2Fcomments&post=25"}],"version-history":[{"count":94,"href":"https:\/\/schnippschnapp-haarstudio.de\/index.php?rest_route=\/wp\/v2\/pages\/25\/revisions"}],"predecessor-version":[{"id":497,"href":"https:\/\/schnippschnapp-haarstudio.de\/index.php?rest_route=\/wp\/v2\/pages\/25\/revisions\/497"}],"wp:attachment":[{"href":"https:\/\/schnippschnapp-haarstudio.de\/index.php?rest_route=%2Fwp%2Fv2%2Fmedia&parent=25"}],"curies":[{"name":"wp","href":"https:\/\/api.w.org\/{rel}","templated":true}]}}